at is the remainder when 139 is divided by 47?
45
Calculate the remainder when 81 is divided by 17.
13
What is the remainder when 398 is divided by 109?
71
Calculate the remainder when 7125 is divided by 132.
129
Calculate the remainder when 1187 is divided by 166.
25
What is the remainder when 1420 is divided by 468?
16
Calculate the remainder when 141 is divided by 49.
43
Calculate the remainder when 157 is divided by 85.
72
Calculate the remainder when 325 is divided by 48.
37
What is the remainder when 48 is divided by 22?
4
Calculate the remainder when 253 is divided by 79.
16
Calculate the remainder when 111 is divided by 28.
27
Calculate the remainder when 1101 is divided by 31.
16
Calculate the remainder when 284 is divided by 39.
11
Calculate the remainder when 112 is divided by 63.
49
Calculate the remainder when 380 is divided by 96.
92
What is the remainder when 6476 is divided by 54?
50
Calculate the remainder when 728 is divided by 410.
318
Calculate the remainder when 150 is divided by 28.
10
Calculate the remainder when 34334 is divided by 37.
35
Calculate the remainder when 565 is divided by 204.
157
Calculate the remainder when 197 is divided by 33.
32
Calculate the remainder when 156 is divided by 22.
2
Calculate the remainder when 251 is divided by 15.
11
What is the remainder when 251 is divided by 118?
15
What is the remainder when 207 is divided by 10?
7
Calculate the remainder when 55 is divided by 17.
4
Calculate the remainder when 424 is divided by 35.
4
Calculate the remainder when 2943 is divided by 107.
54
What is the remainder when 882 is divided by 13?
11
Calculate the remainder when 581 is divided by 6.
5
Calculate the remainder when 111 is divided by 104.
7
Calculate the remainder when 1258 is divided by 70.
68
Calculate the remainder when 76 is divided by 27.
22
What is the remainder when 147 is divided by 99?
48
Calculate the remainder when 37 is divided by 25.
12
What is the remainder when 31 is divided by 30?
1
What is the remainder when 501 is divided by 21?
18
What is the remainder when 163 is divided by 34?
27
Calculate the remainder when 1838 is divided by 19.
14
Calculate the remainder when 845 is divided by 197.
57
Calculate the remainder when 795 is divided by 90.
75
What is the remainder when 1483 is divided by 14?
13
What is the remainder when 336 is divided by 70?
56
What is the remainder when 66 is divided by 5?
1
Calculate the remainder when 7378 is divided by 3.
1
What is the remainder when 154 is divided by 134?
20
Calculate the remainder when 521 is divided by 152.
65
What is the remainder when 204 is divided by 199?
5
What is the remainder when 311 is divided by 93?
32
What is the remainder when 643 is divided by 107?
1
Calculate the remainder when 116 is divided by 33.
17
What is the remainder when 931 is divided by 135?
121
What is the remainder when 528 is divided by 105?
3
Calculate the remainder when 230 is divided by 87.
56
What is the remainder when 802 is divided by 5?
2
Calculate the remainder when 85 is divided by 26.
7
Calculate the remainder when 1245 is divided by 620.
5
What is the remainder when 1811 is divided by 73?
59
Calculate the remainder when 925 is divided by 22.
1
What is the remainder when 167 is divided by 45?
32
What is the remainder when 53 is divided by 9?
8
Calculate the remainder when 1744 is divided by 76.
72
Calculate the remainder when 234 is divided by 4.
2
What is the remainder when 79 is divided by 22?
13
Calculate the remainder when 313 is divided by 16.
9
What is the remainder when 58 is divided by 20?
18
Calculate the remainder when 3924 is divided by 1281.
81
Calculate the remainder when 190 is divided by 48.
46
What is the remainder when 265 is divided by 259?
6
What is the remainder when 661 is divided by 51?
49
Calculate the remainder when 524 is divided by 66.
62
Calculate the remainder when 2793 is divided by 349.
1
What is the remainder when 170 is divided by 33?
5
Calculate the remainder when 3727 is divided by 16.
15
What is the remainder when 2354 is divided by 392?
2
What is the remainder when 1362 is divided by 39?
36
Calculate the remainder when 335 is divided by 117.
101
Calculate the remainder when 442 is divided by 63.
1
What is the remainder when 442 is divided by 64?
58
Calculate the remainder when 1055 is divided by 139.
82
What is the remainder when 179 is divided by 95?
84
What is the remainder when 505 is divided by 14?
1
Calculate the remainder when 150 is divided by 8.
6
Calculate the remainder when 171 is divided by 148.
23
Calculate the remainder when 1074 is divided by 40.
34
What is the remainder when 514 is divided by 47?
44
Calculate the remainder when 6415 is divided by 214.
209
What is the remainder when 10288 is divided by 210?
208
What is the remainder when 2297 is divided by 95?
17
Calculate the remainder when 277 is divided by 261.
16
Calculate the remainder when 150 is divided by 34.
14
Calculate the remainder when 34 is divided by 24.
10
Calculate the remainder when 119 is divided by 99.
20
Calculate the remainder when 85 is divided by 30.
25
Calculate the remainder when 543 is divided by 180.
3
What is the remainder when 1374 is divided by 5?
4
Calculate the remainder when 879 is divided by 55.
54
Calculate the remainder when 906 is divided by 70.
66
What is the remainder when 2460 is divided by 612?
12
What is the remainder when 4423 is divided by 25?
23
What is the remainder when 2287 is divided by 743?
58
Calculate the remainder when 323 is divided by 41.
36
Calculate the remainder when 309 is divided by 63.
57
What is the remainder when 340 is divided by 56?
4
Calculate the remainder when 1379 is divided by 23.
22
What is the remainder when 1328 is divided by 265?
3
Calculate the remainder when 102 is divided by 44.
14
What is the remainder when 140 is divided by 18?
14
What is the remainder when 2483 is divided by 23?
22
Calculate the remainder when 101 is divided by 12.
5
What is the remainder when 164 is divided by 74?
16
What is the remainder when 224 is divided by 69?
17
What is the remainder when 100 is divided by 48?
4
What is the remainder when 1294 is divided by 54?
52
Calculate the remainder when 1168 is divided by 13.
11
Calculate the remainder when 528 is divided by 5.
3
Calculate the remainder when 3035 is divided by 49.
46
What is the remainder when 328 is divided by 100?
28
Calculate the remainder when 358 is divided by 14.
8
What is the remainder when 18 is divided by 5?
3
Calculate the remainder when 420 is divided by 256.
164
Calculate the remainder when 171 is divided by 87.
84
Calculate the remainder when 1823 is divided by 90.
23
What is the remainder when 477 is divided by 22?
15
What is the remainder when 7541 is divided by 92?
89
What is the remainder when 98 is divided by 17?
13
What is the remainder when 119 is divided by 39?
2
Calculate the remainder when 220 is divided by 36.
4
Calculate the remainder when 168 is divided by 9.
6
What is the remainder when 349 is divided by 88?
85
Calculate the remainder when 47 is divided by 18.
11
Calculate the remainder when 157 is divided by 4.
1
Calculate the remainder when 1468 is divided by 54.
10
What is the remainder when 349 is divided by 88?
85
What is the remainder when 105 is divided by 90?
15
Calculate the remainder when 104 is divided by 16.
8
Calculate the remainder when 180 is divided by 13.
11
Calculate the remainder when 92 is divided by 32.
28
Calculate the remainder when 148 is divided by 38.
34
Calculate the remainder when 24 is divided by 17.
7
Calculate the remainder when 779 is divided by 163.
127
Calculate the remainder when 141 is divided by 60.
21
Calculate the remainder when 702 is divided by 110.
42
What is the remainder when 152 is divided by 22?
20
What is the remainder when 144 is divided by 58?
28
What is the remainder when 137 is divided by 31?
13
Calculate the remainder when 113 is divided by 112.
1
Calculate the remainder when 113 is divided by 84.
29
Calculate the remainder when 71 is divided by 2.
1
Calculate the remainder when 1636 is divided by 63.
61
What is the remainder when 5568 is divided by 10?
8
Calculate the remainder when 430 is divided by 16.
14
What is the remainder when 38 is divided by 21?
17